8 = r*y - 4*c, 4*c - 151 + 49 = 2*y. Let w = -13 - y. What is the greatest common divisor of 5 and w?
5
Let n be 4/32 + (-1533)/(-24). Calculate the greatest common factor of 160 and n.
32
Suppose -5*o + 95 = -0*o. Let a = -2 - -6. Let b be (3 - a)*(-38)/2. Calculate the greatest common divisor of b and o.
19
Let k be 2/(-3)*(-2 + (1 - 119)). Calculate the greatest common divisor of 10 and k.
10
Suppose 2*w + 0*w - 8 = 0. Suppose 2*s - 2 = w*s. Let l be (33 - 1) + (2 - s). Calculate the highest common divisor of 7 and l.
7
Let i = -22 + 50. Calculate the highest common divisor of i and 7.
7
Let h = -2 + 0. Let x(u) = -u - 6. Let c be x(-5). Let w be (0 + 0 + c)*h. Calculate the greatest common factor of w and 8.
2
Suppose 0*k + 2*k - 72 = 0. Let u = -16 + 26. Let j be (4/(-5))/((-2)/u). What is the highest common divisor of j and k?
4
Let x be ((-10)/5 + 436)/1 - 2. Calculate the highest common divisor of 24 and x.
24
Suppose 5*r - 24 = 6. Calculate the highest common factor of r and 66.
6
Let j(t) = 145*t**2 + t. Let i be j(-1). Calculate the highest common divisor of i and 18.
18
Suppose 6 = -z + 4*h - 0, 5*h = 10. Suppose z*a + 320 = 7*a. Suppose a + 31 = 5*j. What is the highest common factor of j and 133?
19
Suppose -12 - 18 = -6*k. Calculate the greatest common factor of k and 60.
5
Suppose 940 - 2776 = -12*t. What is the greatest common divisor of t and 17?
17
Suppose 0 = -4*p + 10 + 14. Let s be (-4)/p*(10 + -22). Calculate the highest common factor of 20 and s.
4
Let y(r) = r**2 - 16*r + 59. Let i be y(11). Calculate the greatest common divisor of i and 64.
4
Suppose -5 - 7 = -3*f. Let d be 58/f - 6/12. Calculate the highest common factor of 154 and d.
14
Suppose -5*q = -3*q - 34. Calculate the highest common divisor of q and 119.
17
Let k(c) = -c**2 + 9*c + 10. Let d be k(10). Suppose d = -w + 33 + 15. What is the greatest common factor of w and 6?
6
Let d(j) = -2*j - 10. Let s be d(-12). Suppose 18 = 2*c + c. Let k be (-4 + 0)*(-63)/c. What is the greatest common divisor of s and k?
14
Let j(f) = -f**2 + 4*f + 2. Let g be j(4). What is the highest common factor of 8 and g?
2
Let u = 19 - 7. What is the highest common factor of u and 18?
6
Let b(f) = f**2 + 5*f - 1. Let u be b(-6). Suppose 3 = -q, u*r = 5*q + 7 + 78. Suppose 4*t - 6*t = -r. What is the highest common factor of 35 and t?
7
Let p(h) = h**3 + 8*h**2 - 6*h - 15. Let j be p(-6). Calculate the greatest common factor of 62 and j.
31
Let u be -1*(-12)/4*1. Calculate the greatest common divisor of u and 27.
3
Suppose -7*x = 5*t - 2*x - 45, 0 = 4*x - 4. What is the highest common factor of t and 56?
8
Let o be (-1 + -7 - -1)*-1. Let l = -1 + o. Calculate the greatest common divisor of l and 24.
6
Let w be 246/30 - (-1)/(-5). Suppose 5*s - 3*q = -q + 90, -4*q = -4*s + 84. Calculate the greatest common factor of w and s.
8
Suppose 2*r - 71 = -x - 4*x, 4*x - 56 = -2*r. Calculate the highest common factor of 15 and x.
15
Let v(h) = -h + 9. Suppose -5*q = -8*q + 21. Let x = 0 + q. Let j be v(x). Calculate the greatest common factor of 2 and j.
2
Suppose 5*u - 61 = 4. What is the greatest common divisor of u and 39?
13
Let j be 4/(-4)*(1 + -36). Let w = j - -1. What is the greatest common factor of 4 and w?
4
Suppose j + 0*j - 209 = 0. Let m be 4/(-12) - (208/(-12) - 2). Calculate the greatest common divisor of m and j.
19
Let u(w) = 3*w - 6. Let b be u(5). Calculate the greatest common factor of b and 18.
9
Let b = 84 + -60. What is the greatest common factor of b and 8?
8
Let b(j) = -j + 39. Let k be b(15). What is the greatest common divisor of k and 84?
12
Suppose -5*j - 3*m + 290 = 0, 0*j = 2*j + m - 115. What is the highest common divisor of 5 and j?
5
Suppose f = -0*f + 8. Calculate the highest common factor of 8 and f.
8
Suppose 13 = 5*b + 3*z, 2*b + 0*z = z + 14. Suppose -63 = 2*p - b*p. What is the highest common factor of 3 and p?
3
Let r = 2 + 14. Suppose 4*b - 17 = -1. Calculate the greatest common divisor of r and b.
4
Suppose -2*u = 2*n - 52, -4*n = u - 0*u - 20. Calculate the highest common divisor of u and 42.
14
Let s = 5 + -8. Let l be (-69)/s - 1/1. Calculate the greatest common factor of l and 176.
22
Suppose -2*j + 4*c + 16 = 0, -j = -3*j - 2*c + 22. Calculate the greatest common factor of 25 and j.
5
Suppose -15 = 4*b - 55. Let t = b + -4. Let x be (t/(-2))/1 + 15. Calculate the greatest common divisor of 6 and x.
6
Let f be (2 + 1)/(5/300). Let n be (f/21)/((-1)/(-7)). What is the greatest common divisor of n and 24?
12
Let a be (-4 - 0)/(((-4)/(-22))/(-1)). Calculate the greatest common factor of 2 and a.
2
Let o be (-2)/(364/(-180) - -2). What is the highest common factor of o and 9?
9
Suppose -2*v - 2*v + 490 = 2*z, -3*v + 3*z = -354. What is the highest common divisor of 11 and v?
11
Suppose -11*a + 276 = -5*a. Calculate the highest common factor of a and 69.
23
Let r be 27/6 + 9/(-6). Suppose -m + 3*x = -17, -31 = -0*m - r*m + 4*x. Suppose 6*w = m*w + 72. Calculate the highest common factor of w and 8.
8
Suppose o + 235 = -2*x, x - 3*o + 255 = -x. Let b be 337/(-4) - (-5)/20. Let d = b - x. Calculate the highest common factor of 12 and d.
12
Let o = 6 + -12. Let n(b) = 3*b**2 + 8*b - 6. Let w be n(o). What is the greatest common divisor of 6 and w?
6
Let u(l) = -9*l. Let x(p) = p + 3. Let s be x(-6). Let a be u(s). What is the greatest common divisor of 18 and a?
9
Suppose 0 = -5*b - 0*b. Let q = b + -60. Let p be q/5*6/(-8). Calculate the highest common divisor of p and 9.
9
Suppose 150 = -2*z + 5*r, 3*r + 375 = -5*z - r. Let l = 105 + z. Calculate the greatest common factor of 20 and l.
10
Suppose 0 = -r + 5*o + 129, 5*o + 201 + 216 = 3*r. What is the greatest common factor of r and 18?
18
Suppose 0 = -3*j + 3*p, 5*p + 14 = -3*j + 6. Let q be 78 - -4 - (j - 1). Calculate the highest common divisor of 21 and q.
21
Suppose -365 = -4*a + 251. Calculate the greatest common factor of a and 14.
14
Let k = 56 + -51. Calculate the greatest common factor of k and 5.
5
Suppose 3*o - 57 = -6. Suppose 6*v - 5*v - 4 = y, 2*v - 5*y = o. What is the greatest common divisor of 9 and v?
1
Suppose -4*i - i = -10. Suppose 85 = q + o, 5*q + i*o - 415 = -o. Calculate the highest common divisor of 8 and q.
8
Let r be (-3 - -2)/2*2. Let q be (-1)/((-2)/(-8)*r). Suppose 2*s - s - 4 = 0, -36 = -5*i - q*s. What is the highest common divisor of 8 and i?
4
Let n = 96 - 144. Let w = -30 - n. Calculate the highest common factor of 12 and w.
6
Let f(d) = -23*d**3 - 1. Let w be f(-1). What is the highest common factor of w and 198?
22
Let c = 1273 + -509. Suppose -5*b - y = -2*y - 941, 4*b = -2*y + c. Calculate the greatest common divisor of 21 and b.
21
Let t be -3*(0 - 2/3). Suppose -u = u - t. Calculate the highest common divisor of 2 and u.
1
Let r = 8 + -5. Let w be 1/r - (-555)/9. Let v = w - 29. What is the highest common factor of 3 and v?
3
Let t be (-24 + -1)/(1/(-2)). What is the highest common divisor of 10 and t?
10
Suppose -5*y - 76 = -3*c, -4*c - 9*y = -5*y - 144. Calculate the greatest common factor of 48 and c.
16
Suppose 0 = -5*j + 81 + 99. Calculate the highest common divisor of 12 and j.
12
Let a = -24 - -30. Calculate the highest common divisor of a and 30.
6
Let z = -1 + 10. Let c be (20/3)/(2/z). What is the highest common factor of 75 and c?
15
Let o be 32/(-1*4)*(0 + -2). What is the greatest common divisor of 80 and o?
16
Suppose g + g - 2 = 2*p, 0 = -p + 1. Suppose 2*w + 2*a + 6 = 72, -2*w = -g*a - 50. What is the highest common factor of 116 and w?
29
Let a be 2/10 - 104/20. Let o be -5*((-8)/a + -2). Suppose 2*q - 5*c = -13, 10*c - 15*c = 5*q - 55. Calculate the greatest common factor of q and o.
2
Let w be (32 - 1) + 0 + 1. Let i(u) = 5*u - 47. Let q be i(11). Calculate the highest common divisor of w and q.
8
Suppose 0 = -4*c - 6 - 2. Let r be 6/c + 1 - -4. Suppose -2*h - r*a = -7*a - 29, -4*h - 4*a - 12 = 0. What is the highest common factor of 3 and h?
1
Let o(k) = -k**3 + k. Suppose 8*b - 3*b = -5. Let r be o(b). Suppose 6*x - 2*x - 8 = r. Calculate the greatest common divisor of x and 18.
2
Let o = 4 + -6. Let u be o/11 + (-580)/(-44). Calculate the highest common divisor of 91 and u.
13
Suppose 6*v + 3*x = 4*v - 4, 0 = -2*v + 3*x + 8. What is 